 Let l = -11 - -20. Suppose -k = -p - l. What is the units digit of p?
0
What is the tens digit of 25042/12 - (-1)/18*3?
8
Let d be -3*4/(-3)*-5. What is the units digit of (-56)/d - 3 - 371/(-5)?
4
Let q = -3818 + 5406. What is the tens digit of q?
8
Suppose 76*t - 1626 = 70*t. What is the units digit of t?
1
Let b be -3*1 + (4 - (0 + -3)). What is the hundreds digit of (1/b)/((-3)/(2 + -2006))?
1
Suppose 3*r - 1840 = l, 2*r + l = -2*l + 1223. What is the units digit of r?
3
Suppose 5*s = k - 25, 2*s = -2*k + 3*s + 14. Suppose 129 = k*q + 4. Let m = q - -6. What is the tens digit of m?
3
Suppose 47*n = 7*n + 84280. What is the thousands digit of n?
2
Let x(s) = -s**2 - 12*s + 4. Let v be x(-12). Let n(o) = 5*o - 3. What is the units digit of n(v)?
7
Let o(q) = 23*q**3 + 15*q**2 - 28*q + 9. What is the hundreds digit of o(4)?
6
Suppose -2*y - 319 = 3*l - 1119, 0 = -2*l + 8. What is the tens digit of y?
9
What is the hundreds digit of 930/24*(16 - 0)?
6
Let z = 408 + 879. What is the hundreds digit of z?
2
Let a(z) = -z**2 + 1. Let y(q) = 5*q**2 + 21*q - 14. Let f(p) = 6*a(p) + y(p). Let w be f(17). Suppose w = b + b. What is the units digit of b?
0
Let x = 260 - 105. What is the tens digit of x?
5
Suppose -351 = -l - 3*o, -o - o - 1348 = -4*l. Let f = -102 + l. What is the hundreds digit of f?
2
Suppose -r + m + 1 = 0, -m + 5*m - 10 = -3*r. Suppose 2*c + 2*c - r*a = 24, -5*c + 5*a = -35. What is the tens digit of (-34)/(-8)*(c + -1)?
1
Let g be (6 + 1)*-1*(2 - 7). Suppose 2*v = v + 14. What is the units digit of (g/v)/(2/4)?
5
Let s be -1 + 4 - (7 + -7). Suppose s*d = -2*m + 12, -m + 4*d - 7 = -d. What is the tens digit of -3 - m/2*-50?
7
Suppose -29*m - 29*m = -196098. What is the hundreds digit of m?
3
Let f be 1965/(-5)*3/(-9). Suppose f - 55 = k. What is the tens digit of k?
7
Suppose 13 - 17 = -4*n. What is the units digit of (14 + n)/((-1)/(-3))?
5
Let b(q) = -q**2 - 1. Let y(r) = 5*r**2 - r - 8. Let p(t) = -6*b(t) + y(t). Suppose 2*h = -8, -m + 1 = -h - 1. What is the units digit of p(m)?
4
Let z(d) = -12*d**2 + 33*d - 4. Let y(t) = -3*t**2 + 8*t - 1. Let p(u) = -9*y(u) + 2*z(u). What is the units digit of p(6)?
3
Let d = -394 - -593. What is the units digit of d?
9
Suppose -12*g + 34*g - 61930 = 0. What is the units digit of g?
5
Suppose -4*u = 3*k - 36 - 34, -k + 2 = -4*u. What is the tens digit of k?
1
Suppose -289 + 2319 = 7*a. What is the units digit of a?
0
Suppose 0 = q + 4*p + 21, -5*p - 101 = 4*q - 6*p. Let l = q - -25. Suppose -d + 5*d - 32 = l. What is the units digit of d?
8
Let s(a) = -a + 3. Let c be s(3). Suppose 2*j = -c*v - 2*v - 228, -3*j + v = 330. What is the units digit of 10/(-25) - j/15?
7
Let z = -12 - -15. Let f be z - ((-1 - -2) + -1). Suppose 3*s = f*r + 105, -2*s - r + 72 = -4*r. What is the tens digit of s?
3
Let o(n) = -4*n**2 + 2*n. Let r be o(2). Let p = r - 16. What is the units digit of 24/(p/8 + 4)?
8
Let i(x) = -x**2 - 4*x - 45. Let v(w) = -w**2 + w - 1. Let o(c) = i(c) - 6*v(c). What is the units digit of o(-7)?
6
Let h = -5 - -12. Let f(k) = k**2 - 10*k + 2. Let z be f(h). What is the units digit of 4/(-2) + 2 - z?
9
Suppose 4*t - 2*s = t + 1646, -4*s = 16. What is the hundreds digit of t?
5
Let n be (1 + -1 + -2)/2. Let x = 0 - n. What is the units digit of ((-27)/(-3))/x - 2?
7
Suppose -3*f + 10 = 1. Suppose -3*h + 3 = 15, -104 = -f*a + 2*h. What is the units digit of a?
2
Let r(h) = -h**3 + 13*h**2 - 15*h - 10. Suppose 0*w - 9 = w. Let b = w - -20. What is the tens digit of r(b)?
6
What is the hundreds digit of (-6)/2 - (-3 - 264)?
2
What is the units digit of (3/((-3)/41))/(18/(-1494))?
3
Let m be (3 - 11)*(-6)/4. Let y = -10 + m. Suppose -115 = y*i - 7*i. What is the units digit of i?
3
Let w = 231 - 250. Let q be ((-37)/4)/((-3)/(-12)). Let k = w - q. What is the tens digit of k?
1
Let r(c) = -c**3 + 7*c**2 + c - 6. Let y be r(8). What is the tens digit of (-2)/(-5)*5 - y?
6
Let u(c) = c**3 + 3*c**2 - 11*c - 4. Let l be u(-5). Let i = l + 13. Let h = -8 + i. What is the units digit of h?
6
Let w = 313 - 164. Let n = w + -48. Let o = n - 58. What is the units digit of o?
3
Let p(d) = d**3 + 5*d**2 - 4*d + 14. Let b be p(-6). Let m(z) = -4 + 4*z + z + b*z - 3*z + 2*z**2. What is the units digit of m(3)?
6
Let m(j) = -j + 70. Let v be m(0). Suppose 2*x = 3*c + v, 118 = 4*x - 2*c + 7*c. What is the units digit of x?
2
Suppose -5*p = -4*x - 708 - 1609, -2*x - 928 = -2*p. What is the tens digit of p?
6
Suppose 8*b = 6*b - 4. What is the units digit of (-3)/(-6) - (281/b - -3)?
8
Let t be 3/(-9) - (-8)/6. Let w(q) = 8*q**2 - 2*q + 1. Let x be w(t). Let y(g) = -g**2 + 7*g + 2. What is the units digit of y(x)?
2
Let c(z) = 3*z + 5. Let w(k) = k**2 - 1. Let t be w(3). Let g be c(t). Suppose 27 + g = o. What is the units digit of o?
6
Let v = 1714 - -81. What is the units digit of v?
5
Let z = -670 - -444. Let w = z - -331. What is the units digit of w?
5
Suppose -3 = -g - 2, 3*g - 293 = -5*u. Suppose 2*m - 46 = u. What is the units digit of m?
2
Suppose -4*g - g = -2*q - 6, q + 5*g - 12 = 0. Suppose 0 = q*n + 3*n. Let x(j) = j + 25. What is the units digit of x(n)?
5
Suppose 4*q - 5*u - 951 = 0, q + 4*u - 303 = -81. Suppose n = -s - n + 58, 5*s = 4*n + q. What is the units digit of s?
0
Let w = -953 - -629. Let n = 483 + w. What is the units digit of n?
9
Suppose -6*r + 51 - 15 = 0. Suppose r*o - 222 = 4*o. What is the units digit of o?
1
Suppose -5*l = 111 - 2161. Suppose 8*y - 3*o - l = 4*y, -5*o = 2*y - 192. What is the units digit of y?
1
Let l = -4 - -21. Let n = 152 + -152. Let b = l - n. What is the tens digit of b?
1
Suppose -10*y + 19 = -11. Let h(z) be the third derivative of z**6/120 + 2*z**3/3 + z**2. What is the units digit of h(y)?
1
What is the units digit of -8 - 18/6 - -147?
6
Suppose -4*t = -0*t - 5*n - 37, 2*t + 19 = -5*n. Suppose -4*s = 3*g + 2*g - 359, -t*s + 358 = 5*g. What is the tens digit of g?
7
Suppose 5*a - t = 173, -4*a = -4*t + 65 - 213. Let y = a + 33. What is the units digit of y?
7
Let b = -4 - -10. Let r(p) = 0*p**2 + 9 - 5*p**2 - 3*p + 0*p**2 + p**3. What is the tens digit of r(b)?
2
Let s = -14 + 3. Let w(c) = 3*c**3 + 4*c**2 + 7*c**2 - 2*c - 2*c**3 + 9 + c. What is the units digit of w(s)?
0
Suppose -5*m + q = 105, 2*q + 33 - 123 = 4*m. What is the units digit of (-1)/5 + (-1 - 2444/m)?
1
Suppose 0 = a + 3*z - 645 - 672, 6602 = 5*a - 2*z. What is the units digit of a?
0
Suppose -2*q - 3 = -3*w, -2*q + 5*q - 12 = -w. Suppose 87 = -w*p + 453. What is the units digit of p?
2
Suppose -60*b = -55*b + 45. What is the units digit of (-2 - 14/(-6))/(b/(-2619))?
7
Let d(s) = 2*s + 15. Let t be d(-12). Let j = t + 12. Suppose -2*c - j*p + 32 = -0*c, 0 = 2*c + 2*p - 30. What is the units digit of c?
3
Suppose -4*v + m + 2870 = 0, -5*m + 1381 = 4*v - 1501. What is the units digit of v?
8
What is the hundreds digit of 1*86*-6*(-7)/21?
1
Let l(z) = 19*z**2 - 10*z - 17. What is the units digit of l(-3)?
4
What is the hundreds digit of (-18)/33 + 29838/11?
7
Let d(v) = -v + 15. Let m be d(6). Suppose -m*b + 2520 = -6*b. What is the units digit of b/32 - (-3)/4?
7
Suppose -5*q - 28 = -i, q = -4*i - 9 - 5. Let b be q/4 + (-55)/(-10). Suppose j = -3*j + b. What is the units digit of j?
1
What is the thousands digit of (18/(-18)*-22)/((-4)/(-230))?
1
Suppose -2*q = -r - 38, -3*q = 3*r + 2*r - 70. What is the tens digit of (-1)/(4/q*2/(-30))?
7
Let d = -6122 + 10564. What is the units digit of d?
2
Let k(z) = -2*z - 93. Let y be k(0). Let c = y - -139. What is the tens digit of c?
4
Suppose 6*f - 5*b - 1200 = f, 3*f + 2*b = 730. What is the tens digit of (4/(24/(-39)))/((-11)/f)?
4
Let k be ((-18)/(-12))/(3/(-4)). What is the hundreds digit of 32/14 + k + (-4276)/(-28)?
1
Let g = 10437 - 7355. What is the tens digit of g?
8
Suppose -15040 + 231412 = 57*h. What is the units digit of h?
6
What is the thousands digit of (-2 - (-11 + 4)) + (-2 - -1573)?
1
Suppose -4*r + 190 = -2*x - 1370, 0 = -3*r - x + 1180. What is the tens digit of r?
9
Let v = -1559 + 2159. What is the units digit of v?
0
What is the units digit of (-1)/(-2)*6 + 107 + 12?
2
Suppose 2359 = 3*p + 5*l, -5*l = -5*p - 0*l + 3985. What is the tens digit of p?
9
Let x(g) = 3*g**3 - 7*g**2 + 13*g + 29. What is the hundreds 